 Let y = f + 269. What is the greatest common divisor of 119 and y?
7
Suppose -44*f + 45*f - 446 = -5*z, 1640 = 4*f + 2*z. Calculate the greatest common divisor of 5568 and f.
58
Suppose 5*v - 75*r + 80*r - 42740 = 0, 3*v - 25639 = 2*r. What is the greatest common divisor of v and 231?
231
Let d(g) = -4*g - 8. Let b be (-18)/7 - (-21)/(-49). Let n be d(b). What is the greatest common factor of n and 128?
4
Let n be 1 - 1 - 3/(-3) - -11. Suppose -3*h = -8*h. Let p be 12 - h/(-2 - -3). Calculate the greatest common divisor of p and n.
12
Suppose 13104 = 328*u - 300*u. What is the greatest common factor of u and 1053?
117
Suppose 4*s = -3*x - 10 + 1, -4*s + 3*x = -9. Suppose 2*d = -2*d + 2*o + 2694, d + 5*o - 690 = s. Calculate the greatest common divisor of 54 and d.
27
Suppose 5*l = -15, -3*i - l - 6 = 2*l. Suppose -5*d = -5 - 0. Let j be d/2*(i + 13). Calculate the greatest common divisor of 35 and j.
7
Suppose 189*m = 281*m - 137*m + 1035. Let z be (-1)/(-4) - (-1286)/8. What is the highest common factor of m and z?
23
Let d = -2352 + 2422. Calculate the highest common factor of d and 2828.
14
Let n = 45 - 43. Suppose -n*g - g + 31 = 4*v, 4*g = -2*v + 28. What is the highest common factor of v and 36?
4
Suppose 0 = -0*i - 12*i + 2460. Suppose -510 - i = -z. What is the highest common factor of z and 65?
65
Let w(b) = 62*b - 1970. Let t be w(32). Let m = 130 - 74. Suppose 15 + 13 = f + 3*o, -m = -2*f + 3*o. Calculate the greatest common factor of t and f.
14
Let n = 47607 + -12417. Calculate the highest common factor of 46 and n.
46
Let c be 4/(-10) + (-510)/(-25). Let z be (-2)/(-2)*0*(-2)/4. Let s = z - -30. Calculate the greatest common divisor of c and s.
10
Let z(o) = 3 + 3 + 14*o - 1 + 1. Let u be z(3). Let y = -18 + u. What is the greatest common divisor of y and 60?
30
Suppose 60 = -0*k + 3*k. Let d = 147 + -136. Suppose -9*v + 230 = 4*m - d*v, 0 = -5*m + v + 295. What is the highest common divisor of m and k?
20
Suppose 152945 = -131*k + 550*k - 46918. What is the greatest common factor of k and 371?
53
Let k(l) = 31*l + 16. Let u be k(-9). Let n = 433 + u. What is the highest common divisor of 68 and n?
34
Let t = -356 + 604. Let p = -238 - -269. Calculate the greatest common factor of p and t.
31
Suppose 0 = -75*o + 194251 + 6899. What is the greatest common divisor of 72 and o?
18
Let i be 280/1050 + (-7544)/(-60). Let c = -24 - -52. What is the greatest common divisor of c and i?
14
Suppose -15 = -5*n, 0 = 4*i - 6*n + 11*n - 639. Let c(z) = 5*z - 57. Let x be c(21). What is the highest common divisor of x and i?
12
Let z(c) = 350*c + 1754. Let o be z(-5). Calculate the highest common factor of 1916 and o.
4
Let d = 93 + -89. Let m be (d - 3)/1*-2. Let y be m/(-8)*(-5)/(15/(-276)). Calculate the greatest common divisor of 253 and y.
23
Suppose r + 180 = 31*r. Suppose 0 = 2*j - 3*f - 66, -3*f = -r*f - 6. What is the greatest common divisor of j and 40?
10
Suppose 2*b = j - 28, 8*j - 28 = 3*b + 3*j. Let v = -5 - b. Suppose -82*i - 391*i + 46827 = 0. Calculate the highest common factor of v and i.
11
Let y be (-1)/(-2 + 63/28). Let c(b) = -65*b - 62. Let l be c(y). Let v be 2 - (-20)/(2 + -1). Calculate the greatest common factor of l and v.
22
Suppose 0 = -2*c - 2*w + 166, 3*c - 3*w = w + 256. Let f(g) = -g + 5. Let s be f(-7). What is the highest common factor of c and s?
12
Suppose -15*p + 2*d = -19*p + 1102, -1095 = -4*p + 5*d. Suppose 16*n - p = 11*n. What is the greatest common factor of 88 and n?
11
Let d(w) = 68*w**2 + 7*w + 18. Let p be d(-2). Calculate the greatest common factor of 23 and p.
23
Let r = 66 - 63. Suppose -4*l - 3*v + 2 + 12 = 0, l = -v + r. Let k be -3 + 5*41*3/l. Calculate the highest common divisor of k and 48.
24
Let n be (-123)/(-18) - 7 - 2311/(-6). What is the greatest common divisor of 44 and n?
11
Let a(w) = -w**3 + 45*w**2 - 76*w - 155. Let r be a(43). Calculate the highest common factor of r and 242.
11
Let w = 3757 + -2963. Let c(j) = -j**3 + 6*j**2 - 5. Let o be c(6). Let d be (w/5 - -1) + (-1)/o. What is the greatest common divisor of d and 40?
40
Let a be -3 + 0 + 29 + 2. Let s(z) = -80*z - 132. Let x be s(-2). Calculate the greatest common factor of x and a.
28
Suppose 15*f - 494 - 10171 = 0. Calculate the highest common factor of 395 and f.
79
Suppose 0 = -443*b + 889*b - 444*b - 2944. Calculate the highest common divisor of b and 230.
46
Suppose -41*k - 26*k - 144 + 5169 = 0. Suppose -4*m + 78 = -162. What is the highest common divisor of k and m?
15
Suppose -22*c - 269 = -401. Suppose 6*j - 12 = 72. What is the greatest common factor of j and c?
2
Let s(u) = 3*u**2 + 2 - 2*u - 2*u**2 + 0*u**2. Let o be s(4). Let a = 3905 + -3865. What is the greatest common divisor of a and o?
10
Suppose 18*n = -3*n + 2793. Suppose 0 = 3*d + 27*u - 26*u - 18, -d + 10 = -u. Calculate the highest common divisor of d and n.
7
Suppose -7408 = 3*l + 5*v - 20050, 5*v - 15 = 0. What is the greatest common factor of 1281 and l?
183
Suppose 296512 = 2*c + 33*c + 47*c. Calculate the greatest common divisor of c and 1130.
226
Let b = 2282 + -2218. Let q(x) = 16*x. Let m be q(5). What is the highest common factor of b and m?
16
Let s be ((-84)/(-16))/(-3) + 4/(-16). Let c be (-77 + -64)/(s/6). Calculate the greatest common factor of c and 47.
47
Let h(x) = 39*x + 1. Let v be h(1). Let q = 192 - 107. Suppose 5*s = -3*u + 18 + q, -5*s + 96 = -4*u. Calculate the highest common factor of s and v.
20
Let j(a) = -121*a - 105. Let c be j(-4). Suppose 366*v + 884 = c*v. Calculate the highest common divisor of 323 and v.
17
Suppose -h + 2*k + 760 = 0, 3*k = -h - 0*k + 735. Suppose -11*q - 90 = -h. What is the greatest common divisor of q and 30?
30
Suppose -u - 31 + 3 = 0. Suppose s - 106 = 2*x, -4*s + 570 = s - 2*x. Let n = u + s. What is the highest common divisor of n and 8?
8
Let f(j) = 3*j + 99. Let c be f(21). Let r = -32 + c. Suppose p = -0*p + 26. What is the greatest common divisor of p and r?
26
Let m be -299*27/(-468)*(606 - 2). Calculate the greatest common factor of 46 and m.
23
Let u = -279 + 559. Let b(c) = 8*c**2 + c + 1. Let j = -55 + 57. Let k be b(j). Calculate the greatest common factor of k and u.
35
Let i = 20255 + -20207. What is the greatest common factor of 13744 and i?
16
Let u(t) = t**2 - 26*t - 55. Let l = -129 - -127. Let p be u(l). What is the greatest common divisor of 31 and p?
1
Let o(p) = 120*p**2 + 16*p - 8. Let f be o(-1). Calculate the greatest common factor of f and 9696.
96
Let i(o) = o**2 + 16*o + 8. Let x be i(-12). Let h = -33 - x. Suppose -g + 216 = h*g. Calculate the greatest common divisor of g and 9.
9
Let b be (9 + -6)*(-4 + 2 + 3). Let a(q) = -q**3 + 4*q**2 + 3*q - 14. Let f be a(b). What is the greatest common factor of 172 and f?
4
Suppose 3*f - 6 - 28 = -5*q, -19 = -3*f - 2*q. Suppose f*l + 4*h = 5*l - 2, -2*h = -5*l + 5. Calculate the highest common divisor of l and 53.
1
Let j(v) = v + 9. Let k(h) = -h - 9. Let c(f) = 2*j(f) + 3*k(f). Let w be c(4). Let l be 9 + w + (-46)/(-1). What is the greatest common factor of 28 and l?
14
Let v(i) = 4*i + 1 + 15 + 10*i**2 - 18. Let n be v(-1). Calculate the highest common divisor of n and 32.
4
Suppose 0 = -204*u - 28*u + 67 + 861. Calculate the highest common factor of u and 428.
4
Let q = 23864 - 22454. What is the greatest common factor of q and 150?
30
Let a(z) = 30 - 4*z - 11 + 21 + 20. Suppose -3*x - h = -0 + 5, 5 = -4*x - h. Let f be a(x). Calculate the highest common divisor of 15 and f.
15
Let w be (-2)/(-2)*(-48)/40*-45. Suppose 3*o - 9*l - 344 = -5*l, 0 = -l - 5. Calculate the highest common factor of w and o.
54
Let z = -535 - -859. Let d = -234 + z. What is the highest common factor of d and 20?
10
Suppose 74827 = 5*z - 8*j, 25881 = 2*z + 4*j - 4093. What is the greatest common divisor of 25 and z?
25
Suppose 3*b - 49 = -3*h + 14, 15 = 5*b. Calculate the highest common divisor of 1422 and h.
18
Let c(f) = 33*f**2 + f - 1. Let p be c(1). Let q be 16480/20 - (-14)/(-2). Let g = -762 + q. What is the greatest common divisor of p and g?
11
Suppose 2*u = 9*c - 11*c + 6, u + 1 = 0. Suppose 4*z - 396 = -c*d, 114 = z + 4*d - 8*d. What is the highest common divisor of 119 and z?
17
Suppose -4*t - 4*b + 12 = 0, 6*t - 3*b = t + 15.